{"id":435,"date":"2025-12-28T17:51:37","date_gmt":"2025-12-28T16:51:37","guid":{"rendered":"https:\/\/dev.terredechimie.com\/?page_id=435"},"modified":"2025-12-28T18:04:38","modified_gmt":"2025-12-28T17:04:38","slug":"blanchibois","status":"publish","type":"page","link":"https:\/\/www.terredechimie.com\/?page_id=435","title":{"rendered":"Blanchibois"},"content":{"rendered":"\n<p><strong>PRESENTATION<\/strong><br>BLANCHIBOIS permet d\u2019\u00e9liminer toutes t\u00e2ches sur bois nu.<\/p>\n\n\n\n<p><strong>PROPRIETES ET MISE EN \u0152UVRE<\/strong><br>BLANCHIBOIS permet d\u2019\u00e9liminer des taches anciennes telles que celles que de rouille ou de tanin, en une dizaine de minutes.<\/p>\n\n\n\n<p>Appliquer BLANCHIBOIS, laisser agir, puis rincer apr\u00e8s d\u00e9coloration.<br>BLANCHIBOIS s\u2019utilise aussi bien en int\u00e9rieur qu\u2019en ext\u00e9rieur.<\/p>\n\n\n\n<p>Certaines taches n\u00e9cessitent une seconde application.<\/p>\n","protected":false},"excerpt":{"rendered":"<p>PRESENTATIONBLANCHIBOIS permet d\u2019\u00e9liminer toutes t\u00e2ches sur bois nu. PROPRIETES ET MISE EN \u0152UVREBLANCHIBOIS permet d\u2019\u00e9liminer des taches anciennes telles que celles que de rouille ou de tanin, en une dizaine de minutes. Appliquer BLANCHIBOIS, laisser agir, puis rincer apr\u00e8s d\u00e9coloration.BLANCHIBOIS s\u2019utilise aussi bien en int\u00e9rieur qu\u2019en ext\u00e9rieur. Certaines taches n\u00e9cessitent une seconde application.<\/p>\n","protected":false},"author":1,"featured_media":0,"parent":0,"menu_order":0,"comment_status":"closed","ping_status":"closed","template":"","meta":{"footnotes":""},"class_list":["post-435","page","type-page","status-publish","hentry"],"yoast_head":"<!-- This site is optimized with the Yoast SEO plugin v26.6 - https:\/\/yoast.com\/wordpress\/plugins\/seo\/ -->\n<title>Blanchibois - terredechimie<\/title>\n<meta name=\"description\" content=\"Blanchibois de Terre de Chimie : solution chimique professionnelle pour blanchir et traiter le bois, id\u00e9ale pour des surfaces bois\u00e9es durables et efficaces.\" \/>\n<meta name=\"robots\" content=\"index, follow, max-snippet:-1, max-image-preview:large, max-video-preview:-1\" \/>\n<link rel=\"canonical\" href=\"https:\/\/dev.terredechimie.com\/?page_id=435\" \/>\n<meta property=\"og:locale\" content=\"fr_FR\" \/>\n<meta property=\"og:type\" content=\"article\" \/>\n<meta property=\"og:title\" content=\"Blanchibois - terredechimie\" \/>\n<meta property=\"og:description\" content=\"Blanchibois de Terre de Chimie : solution chimique professionnelle pour blanchir et traiter le bois, id\u00e9ale pour des surfaces bois\u00e9es durables et efficaces.\" \/>\n<meta property=\"og:url\" content=\"https:\/\/dev.terredechimie.com\/?page_id=435\" \/>\n<meta property=\"og:site_name\" content=\"terredechimie\" \/>\n<meta property=\"article:modified_time\" content=\"2025-12-28T17:04:38+00:00\" \/>\n<meta name=\"twitter:card\" content=\"summary_large_image\" \/>\n<meta name=\"twitter:label1\" content=\"Dur\u00e9e de lecture estim\u00e9e\" \/>\n\t<meta name=\"twitter:data1\" content=\"1 minute\" \/>\n<script type=\"application\/ld+json\" class=\"yoast-schema-graph\">{\"@context\":\"https:\/\/schema.org\",\"@graph\":[{\"@type\":\"WebPage\",\"@id\":\"https:\/\/dev.terredechimie.com\/?page_id=435\",\"url\":\"https:\/\/dev.terredechimie.com\/?page_id=435\",\"name\":\"Blanchibois - terredechimie\",\"isPartOf\":{\"@id\":\"https:\/\/terredechimie.com\/#website\"},\"datePublished\":\"2025-12-28T16:51:37+00:00\",\"dateModified\":\"2025-12-28T17:04:38+00:00\",\"description\":\"Blanchibois de Terre de Chimie : solution chimique professionnelle pour blanchir et traiter le bois, id\u00e9ale pour des surfaces bois\u00e9es durables et efficaces.\",\"breadcrumb\":{\"@id\":\"https:\/\/dev.terredechimie.com\/?page_id=435#breadcrumb\"},\"inLanguage\":\"fr-FR\",\"potentialAction\":[{\"@type\":\"ReadAction\",\"target\":[\"https:\/\/dev.terredechimie.com\/?page_id=435\"]}]},{\"@type\":\"BreadcrumbList\",\"@id\":\"https:\/\/dev.terredechimie.com\/?page_id=435#breadcrumb\",\"itemListElement\":[{\"@type\":\"ListItem\",\"position\":1,\"name\":\"Accueil\",\"item\":\"https:\/\/www.terredechimie.com\/\"},{\"@type\":\"ListItem\",\"position\":2,\"name\":\"Blanchibois\"}]},{\"@type\":\"WebSite\",\"@id\":\"https:\/\/terredechimie.com\/#website\",\"url\":\"https:\/\/terredechimie.com\/\",\"name\":\"terredechimie\",\"description\":\"\",\"publisher\":{\"@id\":\"https:\/\/terredechimie.com\/#organization\"},\"potentialAction\":[{\"@type\":\"SearchAction\",\"target\":{\"@type\":\"EntryPoint\",\"urlTemplate\":\"https:\/\/terredechimie.com\/?s={search_term_string}\"},\"query-input\":{\"@type\":\"PropertyValueSpecification\",\"valueRequired\":true,\"valueName\":\"search_term_string\"}}],\"inLanguage\":\"fr-FR\"},{\"@type\":\"Organization\",\"@id\":\"https:\/\/terredechimie.com\/#organization\",\"name\":\"terredechimie\",\"url\":\"https:\/\/terredechimie.com\/\",\"logo\":{\"@type\":\"ImageObject\",\"inLanguage\":\"fr-FR\",\"@id\":\"https:\/\/terredechimie.com\/#\/schema\/logo\/image\/\",\"url\":\"https:\/\/www.terredechimie.com\/wp-content\/uploads\/2025\/12\/cropped-1C360A0B-F00E-4736-8FC4-F7B6AA983F27.png\",\"contentUrl\":\"https:\/\/www.terredechimie.com\/wp-content\/uploads\/2025\/12\/cropped-1C360A0B-F00E-4736-8FC4-F7B6AA983F27.png\",\"width\":773,\"height\":775,\"caption\":\"terredechimie\"},\"image\":{\"@id\":\"https:\/\/terredechimie.com\/#\/schema\/logo\/image\/\"}}]}<\/script>\n<!-- \/ Yoast SEO plugin. -->","yoast_head_json":{"title":"Blanchibois - terredechimie","description":"Blanchibois de Terre de Chimie : solution chimique professionnelle pour blanchir et traiter le bois, id\u00e9ale pour des surfaces bois\u00e9es durables et efficaces.","robots":{"index":"index","follow":"follow","max-snippet":"max-snippet:-1","max-image-preview":"max-image-preview:large","max-video-preview":"max-video-preview:-1"},"canonical":"https:\/\/dev.terredechimie.com\/?page_id=435","og_locale":"fr_FR","og_type":"article","og_title":"Blanchibois - terredechimie","og_description":"Blanchibois de Terre de Chimie : solution chimique professionnelle pour blanchir et traiter le bois, id\u00e9ale pour des surfaces bois\u00e9es durables et efficaces.","og_url":"https:\/\/dev.terredechimie.com\/?page_id=435","og_site_name":"terredechimie","article_modified_time":"2025-12-28T17:04:38+00:00","twitter_card":"summary_large_image","twitter_misc":{"Dur\u00e9e de lecture estim\u00e9e":"1 minute"},"schema":{"@context":"https:\/\/schema.org","@graph":[{"@type":"WebPage","@id":"https:\/\/dev.terredechimie.com\/?page_id=435","url":"https:\/\/dev.terredechimie.com\/?page_id=435","name":"Blanchibois - terredechimie","isPartOf":{"@id":"https:\/\/terredechimie.com\/#website"},"datePublished":"2025-12-28T16:51:37+00:00","dateModified":"2025-12-28T17:04:38+00:00","description":"Blanchibois de Terre de Chimie : solution chimique professionnelle pour blanchir et traiter le bois, id\u00e9ale pour des surfaces bois\u00e9es durables et efficaces.","breadcrumb":{"@id":"https:\/\/dev.terredechimie.com\/?page_id=435#breadcrumb"},"inLanguage":"fr-FR","potentialAction":[{"@type":"ReadAction","target":["https:\/\/dev.terredechimie.com\/?page_id=435"]}]},{"@type":"BreadcrumbList","@id":"https:\/\/dev.terredechimie.com\/?page_id=435#breadcrumb","itemListElement":[{"@type":"ListItem","position":1,"name":"Accueil","item":"https:\/\/www.terredechimie.com\/"},{"@type":"ListItem","position":2,"name":"Blanchibois"}]},{"@type":"WebSite","@id":"https:\/\/terredechimie.com\/#website","url":"https:\/\/terredechimie.com\/","name":"terredechimie","description":"","publisher":{"@id":"https:\/\/terredechimie.com\/#organization"},"potentialAction":[{"@type":"SearchAction","target":{"@type":"EntryPoint","urlTemplate":"https:\/\/terredechimie.com\/?s={search_term_string}"},"query-input":{"@type":"PropertyValueSpecification","valueRequired":true,"valueName":"search_term_string"}}],"inLanguage":"fr-FR"},{"@type":"Organization","@id":"https:\/\/terredechimie.com\/#organization","name":"terredechimie","url":"https:\/\/terredechimie.com\/","logo":{"@type":"ImageObject","inLanguage":"fr-FR","@id":"https:\/\/terredechimie.com\/#\/schema\/logo\/image\/","url":"https:\/\/www.terredechimie.com\/wp-content\/uploads\/2025\/12\/cropped-1C360A0B-F00E-4736-8FC4-F7B6AA983F27.png","contentUrl":"https:\/\/www.terredechimie.com\/wp-content\/uploads\/2025\/12\/cropped-1C360A0B-F00E-4736-8FC4-F7B6AA983F27.png","width":773,"height":775,"caption":"terredechimie"},"image":{"@id":"https:\/\/terredechimie.com\/#\/schema\/logo\/image\/"}}]}},"jetpack_sharing_enabled":true,"_links":{"self":[{"href":"https:\/\/www.terredechimie.com\/index.php?rest_route=\/wp\/v2\/pages\/435","targetHints":{"allow":["GET"]}}],"collection":[{"href":"https:\/\/www.terredechimie.com\/index.php?rest_route=\/wp\/v2\/pages"}],"about":[{"href":"https:\/\/www.terredechimie.com\/index.php?rest_route=\/wp\/v2\/types\/page"}],"author":[{"embeddable":true,"href":"https:\/\/www.terredechimie.com\/index.php?rest_route=\/wp\/v2\/users\/1"}],"replies":[{"embeddable":true,"href":"https:\/\/www.terredechimie.com\/index.php?rest_route=%2Fwp%2Fv2%2Fcomments&post=435"}],"version-history":[{"count":2,"href":"https:\/\/www.terredechimie.com\/index.php?rest_route=\/wp\/v2\/pages\/435\/revisions"}],"predecessor-version":[{"id":451,"href":"https:\/\/www.terredechimie.com\/index.php?rest_route=\/wp\/v2\/pages\/435\/revisions\/451"}],"wp:attachment":[{"href":"https:\/\/www.terredechimie.com\/index.php?rest_route=%2Fwp%2Fv2%2Fmedia&parent=435"}],"curies":[{"name":"wp","href":"https:\/\/api.w.org\/{rel}","templated":true}]}}