{"id":365,"date":"2025-12-28T16:46:13","date_gmt":"2025-12-28T15:46:13","guid":{"rendered":"https:\/\/dev.terredechimie.com\/?page_id=365"},"modified":"2025-12-28T18:50:28","modified_gmt":"2025-12-28T17:50:28","slug":"vernis-epargne","status":"publish","type":"page","link":"https:\/\/www.terredechimie.com\/?page_id=365","title":{"rendered":"Vernis \u00c9pargne"},"content":{"rendered":"\n<p>Peinture pelable solvant\u00e9e<\/p>\n\n\n\n<figure class=\"wp-block-image alignleft size-full is-resized\"><img fetchpriority=\"high\" decoding=\"async\" width=\"1000\" height=\"562\" src=\"https:\/\/dev.terredechimie.com\/wp-content\/uploads\/2025\/12\/1353670.jpg\" alt=\"\" class=\"wp-image-500\" style=\"aspect-ratio:1.7794043859390218;width:552px;height:auto\" srcset=\"https:\/\/www.terredechimie.com\/wp-content\/uploads\/2025\/12\/1353670.jpg 1000w, https:\/\/www.terredechimie.com\/wp-content\/uploads\/2025\/12\/1353670-300x169.jpg 300w\" sizes=\"(max-width: 1000px) 100vw, 1000px\" \/><\/figure>\n\n\n\n<p><strong>PRESENTATION<\/strong><br>Solution de protection temporaire en base solvant destin\u00e9e \u00e0 l\u2019\u00e9pargne de pi\u00e8ces.<\/p>\n\n\n\n<p><strong>PROPRIETES ET MISE EN \u0152UVRE<\/strong><br>Le JR 07 E peut \u00eatre appliqu\u00e9 au tremp\u00e9, au pinceau ou au pistolet dans un local permettant la captation des vapeurs de solvants.<br>Il a \u00e9t\u00e9 sp\u00e9cialement \u00e9tudi\u00e9 pour l\u2019\u00e9pargne de pi\u00e8ces lors de bains \u00e9lectrolytiques.<br>Apr\u00e8s s\u00e9chage, il reste une pellicule PELABLE tr\u00e8s r\u00e9sistante tant aux solvants qu&rsquo;\u00e0 l&rsquo;eau (particuli\u00e8rement recommand\u00e9 pour la protection des rideaux d&rsquo;eau).<br>Sa pr\u00e9sentation solvant\u00e9e offre l&rsquo;avantage d&rsquo;un s\u00e9chage tr\u00e8s rapide mais interdit son application sur les parois en t\u00f4les pr\u00e9 peintes ainsi que les points lumineux autres que verre (m\u00e9thacrylate par exemple).<\/p>\n\n\n\n<p><\/p>\n","protected":false},"excerpt":{"rendered":"<p>Peinture pelable solvant\u00e9e PRESENTATIONSolution de protection temporaire en base solvant destin\u00e9e \u00e0 l\u2019\u00e9pargne de pi\u00e8ces. PROPRIETES ET MISE EN \u0152UVRELe JR 07 E peut \u00eatre appliqu\u00e9 au tremp\u00e9, au pinceau ou au pistolet dans un local permettant la captation des vapeurs de solvants.Il a \u00e9t\u00e9 sp\u00e9cialement \u00e9tudi\u00e9 pour l\u2019\u00e9pargne de pi\u00e8ces lors de bains \u00e9lectrolytiques.Apr\u00e8s &hellip; <\/p>\n<p class=\"link-more\"><a href=\"https:\/\/www.terredechimie.com\/?page_id=365\" class=\"more-link\">Lire la suite de<span class=\"screen-reader-text\">\u00ab\u00a0Vernis \u00c9pargne\u00a0\u00bb<\/span><\/a><\/p>\n","protected":false},"author":1,"featured_media":0,"parent":0,"menu_order":0,"comment_status":"closed","ping_status":"closed","template":"","meta":{"footnotes":""},"class_list":["post-365","page","type-page","status-publish","hentry"],"yoast_head":"<!-- This site is optimized with the Yoast SEO plugin v26.6 - https:\/\/yoast.com\/wordpress\/plugins\/seo\/ -->\n<title>Vernis \u00c9pargne - terredechimie<\/title>\n<meta name=\"description\" content=\"Vernis \u00c9pargne de Terre de Chimie : vernis professionnel de haute qualit\u00e9 offrant une protection durable des surfaces tout en facilitant le retrait et le traitement.\" \/>\n<meta name=\"robots\" content=\"index, follow, max-snippet:-1, max-image-preview:large, max-video-preview:-1\" \/>\n<link rel=\"canonical\" href=\"https:\/\/dev.terredechimie.com\/?page_id=365\" \/>\n<meta property=\"og:locale\" content=\"fr_FR\" \/>\n<meta property=\"og:type\" content=\"article\" \/>\n<meta property=\"og:title\" content=\"Vernis \u00c9pargne - terredechimie\" \/>\n<meta property=\"og:description\" content=\"Vernis \u00c9pargne de Terre de Chimie : vernis professionnel de haute qualit\u00e9 offrant une protection durable des surfaces tout en facilitant le retrait et le traitement.\" \/>\n<meta property=\"og:url\" content=\"https:\/\/dev.terredechimie.com\/?page_id=365\" \/>\n<meta property=\"og:site_name\" content=\"terredechimie\" \/>\n<meta property=\"article:modified_time\" content=\"2025-12-28T17:50:28+00:00\" \/>\n<meta property=\"og:image\" content=\"https:\/\/www.terredechimie.com\/wp-content\/uploads\/2025\/12\/1353670.jpg\" \/>\n\t<meta property=\"og:image:width\" content=\"1000\" \/>\n\t<meta property=\"og:image:height\" content=\"562\" \/>\n\t<meta property=\"og:image:type\" content=\"image\/jpeg\" \/>\n<meta name=\"twitter:card\" content=\"summary_large_image\" \/>\n<meta name=\"twitter:label1\" content=\"Dur\u00e9e de lecture estim\u00e9e\" \/>\n\t<meta name=\"twitter:data1\" content=\"1 minute\" \/>\n<script type=\"application\/ld+json\" class=\"yoast-schema-graph\">{\"@context\":\"https:\/\/schema.org\",\"@graph\":[{\"@type\":\"WebPage\",\"@id\":\"https:\/\/dev.terredechimie.com\/?page_id=365\",\"url\":\"https:\/\/dev.terredechimie.com\/?page_id=365\",\"name\":\"Vernis \u00c9pargne - terredechimie\",\"isPartOf\":{\"@id\":\"https:\/\/terredechimie.com\/#website\"},\"primaryImageOfPage\":{\"@id\":\"https:\/\/dev.terredechimie.com\/?page_id=365#primaryimage\"},\"image\":{\"@id\":\"https:\/\/dev.terredechimie.com\/?page_id=365#primaryimage\"},\"thumbnailUrl\":\"https:\/\/dev.terredechimie.com\/wp-content\/uploads\/2025\/12\/1353670.jpg\",\"datePublished\":\"2025-12-28T15:46:13+00:00\",\"dateModified\":\"2025-12-28T17:50:28+00:00\",\"description\":\"Vernis \u00c9pargne de Terre de Chimie : vernis professionnel de haute qualit\u00e9 offrant une protection durable des surfaces tout en facilitant le retrait et le traitement.\",\"breadcrumb\":{\"@id\":\"https:\/\/dev.terredechimie.com\/?page_id=365#breadcrumb\"},\"inLanguage\":\"fr-FR\",\"potentialAction\":[{\"@type\":\"ReadAction\",\"target\":[\"https:\/\/dev.terredechimie.com\/?page_id=365\"]}]},{\"@type\":\"ImageObject\",\"inLanguage\":\"fr-FR\",\"@id\":\"https:\/\/dev.terredechimie.com\/?page_id=365#primaryimage\",\"url\":\"https:\/\/dev.terredechimie.com\/wp-content\/uploads\/2025\/12\/1353670.jpg\",\"contentUrl\":\"https:\/\/dev.terredechimie.com\/wp-content\/uploads\/2025\/12\/1353670.jpg\"},{\"@type\":\"BreadcrumbList\",\"@id\":\"https:\/\/dev.terredechimie.com\/?page_id=365#breadcrumb\",\"itemListElement\":[{\"@type\":\"ListItem\",\"position\":1,\"name\":\"Accueil\",\"item\":\"https:\/\/www.terredechimie.com\/\"},{\"@type\":\"ListItem\",\"position\":2,\"name\":\"Vernis \u00c9pargne\"}]},{\"@type\":\"WebSite\",\"@id\":\"https:\/\/terredechimie.com\/#website\",\"url\":\"https:\/\/terredechimie.com\/\",\"name\":\"terredechimie\",\"description\":\"\",\"publisher\":{\"@id\":\"https:\/\/terredechimie.com\/#organization\"},\"potentialAction\":[{\"@type\":\"SearchAction\",\"target\":{\"@type\":\"EntryPoint\",\"urlTemplate\":\"https:\/\/terredechimie.com\/?s={search_term_string}\"},\"query-input\":{\"@type\":\"PropertyValueSpecification\",\"valueRequired\":true,\"valueName\":\"search_term_string\"}}],\"inLanguage\":\"fr-FR\"},{\"@type\":\"Organization\",\"@id\":\"https:\/\/terredechimie.com\/#organization\",\"name\":\"terredechimie\",\"url\":\"https:\/\/terredechimie.com\/\",\"logo\":{\"@type\":\"ImageObject\",\"inLanguage\":\"fr-FR\",\"@id\":\"https:\/\/terredechimie.com\/#\/schema\/logo\/image\/\",\"url\":\"https:\/\/www.terredechimie.com\/wp-content\/uploads\/2025\/12\/cropped-1C360A0B-F00E-4736-8FC4-F7B6AA983F27.png\",\"contentUrl\":\"https:\/\/www.terredechimie.com\/wp-content\/uploads\/2025\/12\/cropped-1C360A0B-F00E-4736-8FC4-F7B6AA983F27.png\",\"width\":773,\"height\":775,\"caption\":\"terredechimie\"},\"image\":{\"@id\":\"https:\/\/terredechimie.com\/#\/schema\/logo\/image\/\"}}]}<\/script>\n<!-- \/ Yoast SEO plugin. -->","yoast_head_json":{"title":"Vernis \u00c9pargne - terredechimie","description":"Vernis \u00c9pargne de Terre de Chimie : vernis professionnel de haute qualit\u00e9 offrant une protection durable des surfaces tout en facilitant le retrait et le traitement.","robots":{"index":"index","follow":"follow","max-snippet":"max-snippet:-1","max-image-preview":"max-image-preview:large","max-video-preview":"max-video-preview:-1"},"canonical":"https:\/\/dev.terredechimie.com\/?page_id=365","og_locale":"fr_FR","og_type":"article","og_title":"Vernis \u00c9pargne - terredechimie","og_description":"Vernis \u00c9pargne de Terre de Chimie : vernis professionnel de haute qualit\u00e9 offrant une protection durable des surfaces tout en facilitant le retrait et le traitement.","og_url":"https:\/\/dev.terredechimie.com\/?page_id=365","og_site_name":"terredechimie","article_modified_time":"2025-12-28T17:50:28+00:00","og_image":[{"width":1000,"height":562,"url":"https:\/\/www.terredechimie.com\/wp-content\/uploads\/2025\/12\/1353670.jpg","type":"image\/jpeg"}],"twitter_card":"summary_large_image","twitter_misc":{"Dur\u00e9e de lecture estim\u00e9e":"1 minute"},"schema":{"@context":"https:\/\/schema.org","@graph":[{"@type":"WebPage","@id":"https:\/\/dev.terredechimie.com\/?page_id=365","url":"https:\/\/dev.terredechimie.com\/?page_id=365","name":"Vernis \u00c9pargne - terredechimie","isPartOf":{"@id":"https:\/\/terredechimie.com\/#website"},"primaryImageOfPage":{"@id":"https:\/\/dev.terredechimie.com\/?page_id=365#primaryimage"},"image":{"@id":"https:\/\/dev.terredechimie.com\/?page_id=365#primaryimage"},"thumbnailUrl":"https:\/\/dev.terredechimie.com\/wp-content\/uploads\/2025\/12\/1353670.jpg","datePublished":"2025-12-28T15:46:13+00:00","dateModified":"2025-12-28T17:50:28+00:00","description":"Vernis \u00c9pargne de Terre de Chimie : vernis professionnel de haute qualit\u00e9 offrant une protection durable des surfaces tout en facilitant le retrait et le traitement.","breadcrumb":{"@id":"https:\/\/dev.terredechimie.com\/?page_id=365#breadcrumb"},"inLanguage":"fr-FR","potentialAction":[{"@type":"ReadAction","target":["https:\/\/dev.terredechimie.com\/?page_id=365"]}]},{"@type":"ImageObject","inLanguage":"fr-FR","@id":"https:\/\/dev.terredechimie.com\/?page_id=365#primaryimage","url":"https:\/\/dev.terredechimie.com\/wp-content\/uploads\/2025\/12\/1353670.jpg","contentUrl":"https:\/\/dev.terredechimie.com\/wp-content\/uploads\/2025\/12\/1353670.jpg"},{"@type":"BreadcrumbList","@id":"https:\/\/dev.terredechimie.com\/?page_id=365#breadcrumb","itemListElement":[{"@type":"ListItem","position":1,"name":"Accueil","item":"https:\/\/www.terredechimie.com\/"},{"@type":"ListItem","position":2,"name":"Vernis \u00c9pargne"}]},{"@type":"WebSite","@id":"https:\/\/terredechimie.com\/#website","url":"https:\/\/terredechimie.com\/","name":"terredechimie","description":"","publisher":{"@id":"https:\/\/terredechimie.com\/#organization"},"potentialAction":[{"@type":"SearchAction","target":{"@type":"EntryPoint","urlTemplate":"https:\/\/terredechimie.com\/?s={search_term_string}"},"query-input":{"@type":"PropertyValueSpecification","valueRequired":true,"valueName":"search_term_string"}}],"inLanguage":"fr-FR"},{"@type":"Organization","@id":"https:\/\/terredechimie.com\/#organization","name":"terredechimie","url":"https:\/\/terredechimie.com\/","logo":{"@type":"ImageObject","inLanguage":"fr-FR","@id":"https:\/\/terredechimie.com\/#\/schema\/logo\/image\/","url":"https:\/\/www.terredechimie.com\/wp-content\/uploads\/2025\/12\/cropped-1C360A0B-F00E-4736-8FC4-F7B6AA983F27.png","contentUrl":"https:\/\/www.terredechimie.com\/wp-content\/uploads\/2025\/12\/cropped-1C360A0B-F00E-4736-8FC4-F7B6AA983F27.png","width":773,"height":775,"caption":"terredechimie"},"image":{"@id":"https:\/\/terredechimie.com\/#\/schema\/logo\/image\/"}}]}},"jetpack_sharing_enabled":true,"_links":{"self":[{"href":"https:\/\/www.terredechimie.com\/index.php?rest_route=\/wp\/v2\/pages\/365","targetHints":{"allow":["GET"]}}],"collection":[{"href":"https:\/\/www.terredechimie.com\/index.php?rest_route=\/wp\/v2\/pages"}],"about":[{"href":"https:\/\/www.terredechimie.com\/index.php?rest_route=\/wp\/v2\/types\/page"}],"author":[{"embeddable":true,"href":"https:\/\/www.terredechimie.com\/index.php?rest_route=\/wp\/v2\/users\/1"}],"replies":[{"embeddable":true,"href":"https:\/\/www.terredechimie.com\/index.php?rest_route=%2Fwp%2Fv2%2Fcomments&post=365"}],"version-history":[{"count":8,"href":"https:\/\/www.terredechimie.com\/index.php?rest_route=\/wp\/v2\/pages\/365\/revisions"}],"predecessor-version":[{"id":506,"href":"https:\/\/www.terredechimie.com\/index.php?rest_route=\/wp\/v2\/pages\/365\/revisions\/506"}],"wp:attachment":[{"href":"https:\/\/www.terredechimie.com\/index.php?rest_route=%2Fwp%2Fv2%2Fmedia&parent=365"}],"curies":[{"name":"wp","href":"https:\/\/api.w.org\/{rel}","templated":true}]}}