{"id":170,"date":"2025-12-27T21:27:13","date_gmt":"2025-12-27T20:27:13","guid":{"rendered":"https:\/\/dev.terredechimie.com\/?page_id=170"},"modified":"2025-12-28T14:22:44","modified_gmt":"2025-12-28T13:22:44","slug":"devernir-les-instruments-de-musique","status":"publish","type":"page","link":"https:\/\/www.terredechimie.com\/?page_id=170","title":{"rendered":"D\u00e9vernir les instruments de musique"},"content":{"rendered":"\n<figure class=\"wp-block-gallery alignleft has-nested-images columns-default is-cropped wp-block-gallery-1 is-layout-flex wp-block-gallery-is-layout-flex\">\n<figure class=\"wp-block-image size-large\"><img fetchpriority=\"high\" decoding=\"async\" width=\"1024\" height=\"683\" data-id=\"316\" src=\"https:\/\/dev.terredechimie.com\/wp-content\/uploads\/2025\/12\/112901-1024x683.jpg\" alt=\"\" class=\"wp-image-316\" srcset=\"https:\/\/www.terredechimie.com\/wp-content\/uploads\/2025\/12\/112901-1024x683.jpg 1024w, https:\/\/www.terredechimie.com\/wp-content\/uploads\/2025\/12\/112901-300x200.jpg 300w, https:\/\/www.terredechimie.com\/wp-content\/uploads\/2025\/12\/112901.jpg 1500w\" sizes=\"(max-width: 1024px) 100vw, 1024px\" \/><\/figure>\n<\/figure>\n\n\n\n<p><strong>TERRE DE CHIMIE continue le d\u00e9veloppement de ses produits d\u00e9capants nouvelle g\u00e9n\u00e9ration.<\/strong><\/p>\n\n\n\n<p><strong>Un nouveau march\u00e9 pour TERRE DE CHIMIE : le d\u00e9vernissage des instruments tels clarinettes, saxophones, cuivre, becs&#8230;<\/strong><\/p>\n\n\n\n<p>Dans le cadre de la nouvelle r\u00e9glementation en vigueur et l&rsquo;arr\u00eat programm\u00e9 des d\u00e9capants \u00e0 base de chlorure de m\u00e9thyl\u00e8ne, Terre de Chimie d\u00e9veloppe un partenariat privil\u00e9gi\u00e9 avec les fabricants d&rsquo;instruments de musique. Que ce soit des d\u00e9faults lors du vernissage de nouveaux instruments ou alors des op\u00e9rations de maintenance, il est n\u00e9cessessaire de proc\u00e9der \u00e0 l&rsquo;op\u00e9ration de d\u00e9vernissage des instruments.<\/p>\n\n\n\n<p>L&rsquo;<strong>AQUA 05 B&nbsp;<\/strong>r\u00e9pond parfaitement aux attentes des fabricants. Un simple trempage d&rsquo;environ 30 minutes soul\u00e8ve le vernis et permet de reprendre les d\u00e9faults de l&rsquo;instrument.<\/p>\n\n\n\n<p>Un soulagement pour les fabricants qui n&rsquo;avaient trouv\u00e9 aucune solution alternative au dichlorom\u00e9thane.<\/p>\n","protected":false},"excerpt":{"rendered":"<p>TERRE DE CHIMIE continue le d\u00e9veloppement de ses produits d\u00e9capants nouvelle g\u00e9n\u00e9ration. Un nouveau march\u00e9 pour TERRE DE CHIMIE : le d\u00e9vernissage des instruments tels clarinettes, saxophones, cuivre, becs&#8230; Dans le cadre de la nouvelle r\u00e9glementation en vigueur et l&rsquo;arr\u00eat programm\u00e9 des d\u00e9capants \u00e0 base de chlorure de m\u00e9thyl\u00e8ne, Terre de Chimie d\u00e9veloppe un partenariat &hellip; <\/p>\n<p class=\"link-more\"><a href=\"https:\/\/www.terredechimie.com\/?page_id=170\" class=\"more-link\">Lire la suite de<span class=\"screen-reader-text\">\u00ab\u00a0D\u00e9vernir les instruments de musique\u00a0\u00bb<\/span><\/a><\/p>\n","protected":false},"author":1,"featured_media":0,"parent":0,"menu_order":0,"comment_status":"closed","ping_status":"closed","template":"","meta":{"footnotes":""},"class_list":["post-170","page","type-page","status-publish","hentry"],"yoast_head":"<!-- This site is optimized with the Yoast SEO plugin v26.6 - https:\/\/yoast.com\/wordpress\/plugins\/seo\/ -->\n<title>D\u00e9vernir les instruments de musique - terredechimie<\/title>\n<meta name=\"description\" content=\"D\u00e9couvrez nos solutions chimiques pour d\u00e9vernir les instruments de musique, permettant un retrait efficace et ma\u00eetris\u00e9 des vernis sans endommager les surfaces.\" \/>\n<meta name=\"robots\" content=\"index, follow, max-snippet:-1, max-image-preview:large, max-video-preview:-1\" \/>\n<link rel=\"canonical\" href=\"https:\/\/dev.terredechimie.com\/?page_id=170\" \/>\n<meta property=\"og:locale\" content=\"fr_FR\" \/>\n<meta property=\"og:type\" content=\"article\" \/>\n<meta property=\"og:title\" content=\"D\u00e9vernir les instruments de musique - terredechimie\" \/>\n<meta property=\"og:description\" content=\"D\u00e9couvrez nos solutions chimiques pour d\u00e9vernir les instruments de musique, permettant un retrait efficace et ma\u00eetris\u00e9 des vernis sans endommager les surfaces.\" \/>\n<meta property=\"og:url\" content=\"https:\/\/dev.terredechimie.com\/?page_id=170\" \/>\n<meta property=\"og:site_name\" content=\"terredechimie\" \/>\n<meta property=\"article:modified_time\" content=\"2025-12-28T13:22:44+00:00\" \/>\n<meta property=\"og:image\" content=\"https:\/\/www.terredechimie.com\/wp-content\/uploads\/2025\/12\/112901.jpg\" \/>\n\t<meta property=\"og:image:width\" content=\"1500\" \/>\n\t<meta property=\"og:image:height\" content=\"1000\" \/>\n\t<meta property=\"og:image:type\" content=\"image\/jpeg\" \/>\n<meta name=\"twitter:card\" content=\"summary_large_image\" \/>\n<meta name=\"twitter:label1\" content=\"Dur\u00e9e de lecture estim\u00e9e\" \/>\n\t<meta name=\"twitter:data1\" content=\"1 minute\" \/>\n<script type=\"application\/ld+json\" class=\"yoast-schema-graph\">{\"@context\":\"https:\/\/schema.org\",\"@graph\":[{\"@type\":\"WebPage\",\"@id\":\"https:\/\/dev.terredechimie.com\/?page_id=170\",\"url\":\"https:\/\/dev.terredechimie.com\/?page_id=170\",\"name\":\"D\u00e9vernir les instruments de musique - terredechimie\",\"isPartOf\":{\"@id\":\"https:\/\/terredechimie.com\/#website\"},\"primaryImageOfPage\":{\"@id\":\"https:\/\/dev.terredechimie.com\/?page_id=170#primaryimage\"},\"image\":{\"@id\":\"https:\/\/dev.terredechimie.com\/?page_id=170#primaryimage\"},\"thumbnailUrl\":\"https:\/\/dev.terredechimie.com\/wp-content\/uploads\/2025\/12\/112901-1024x683.jpg\",\"datePublished\":\"2025-12-27T20:27:13+00:00\",\"dateModified\":\"2025-12-28T13:22:44+00:00\",\"description\":\"D\u00e9couvrez nos solutions chimiques pour d\u00e9vernir les instruments de musique, permettant un retrait efficace et ma\u00eetris\u00e9 des vernis sans endommager les surfaces.\",\"breadcrumb\":{\"@id\":\"https:\/\/dev.terredechimie.com\/?page_id=170#breadcrumb\"},\"inLanguage\":\"fr-FR\",\"potentialAction\":[{\"@type\":\"ReadAction\",\"target\":[\"https:\/\/dev.terredechimie.com\/?page_id=170\"]}]},{\"@type\":\"ImageObject\",\"inLanguage\":\"fr-FR\",\"@id\":\"https:\/\/dev.terredechimie.com\/?page_id=170#primaryimage\",\"url\":\"https:\/\/dev.terredechimie.com\/wp-content\/uploads\/2025\/12\/112901-1024x683.jpg\",\"contentUrl\":\"https:\/\/dev.terredechimie.com\/wp-content\/uploads\/2025\/12\/112901-1024x683.jpg\"},{\"@type\":\"BreadcrumbList\",\"@id\":\"https:\/\/dev.terredechimie.com\/?page_id=170#breadcrumb\",\"itemListElement\":[{\"@type\":\"ListItem\",\"position\":1,\"name\":\"Accueil\",\"item\":\"https:\/\/www.terredechimie.com\/\"},{\"@type\":\"ListItem\",\"position\":2,\"name\":\"D\u00e9vernir les instruments de musique\"}]},{\"@type\":\"WebSite\",\"@id\":\"https:\/\/terredechimie.com\/#website\",\"url\":\"https:\/\/terredechimie.com\/\",\"name\":\"terredechimie\",\"description\":\"\",\"publisher\":{\"@id\":\"https:\/\/terredechimie.com\/#organization\"},\"potentialAction\":[{\"@type\":\"SearchAction\",\"target\":{\"@type\":\"EntryPoint\",\"urlTemplate\":\"https:\/\/terredechimie.com\/?s={search_term_string}\"},\"query-input\":{\"@type\":\"PropertyValueSpecification\",\"valueRequired\":true,\"valueName\":\"search_term_string\"}}],\"inLanguage\":\"fr-FR\"},{\"@type\":\"Organization\",\"@id\":\"https:\/\/terredechimie.com\/#organization\",\"name\":\"terredechimie\",\"url\":\"https:\/\/terredechimie.com\/\",\"logo\":{\"@type\":\"ImageObject\",\"inLanguage\":\"fr-FR\",\"@id\":\"https:\/\/terredechimie.com\/#\/schema\/logo\/image\/\",\"url\":\"https:\/\/www.terredechimie.com\/wp-content\/uploads\/2025\/12\/cropped-1C360A0B-F00E-4736-8FC4-F7B6AA983F27.png\",\"contentUrl\":\"https:\/\/www.terredechimie.com\/wp-content\/uploads\/2025\/12\/cropped-1C360A0B-F00E-4736-8FC4-F7B6AA983F27.png\",\"width\":773,\"height\":775,\"caption\":\"terredechimie\"},\"image\":{\"@id\":\"https:\/\/terredechimie.com\/#\/schema\/logo\/image\/\"}}]}<\/script>\n<!-- \/ Yoast SEO plugin. -->","yoast_head_json":{"title":"D\u00e9vernir les instruments de musique - terredechimie","description":"D\u00e9couvrez nos solutions chimiques pour d\u00e9vernir les instruments de musique, permettant un retrait efficace et ma\u00eetris\u00e9 des vernis sans endommager les surfaces.","robots":{"index":"index","follow":"follow","max-snippet":"max-snippet:-1","max-image-preview":"max-image-preview:large","max-video-preview":"max-video-preview:-1"},"canonical":"https:\/\/dev.terredechimie.com\/?page_id=170","og_locale":"fr_FR","og_type":"article","og_title":"D\u00e9vernir les instruments de musique - terredechimie","og_description":"D\u00e9couvrez nos solutions chimiques pour d\u00e9vernir les instruments de musique, permettant un retrait efficace et ma\u00eetris\u00e9 des vernis sans endommager les surfaces.","og_url":"https:\/\/dev.terredechimie.com\/?page_id=170","og_site_name":"terredechimie","article_modified_time":"2025-12-28T13:22:44+00:00","og_image":[{"width":1500,"height":1000,"url":"https:\/\/www.terredechimie.com\/wp-content\/uploads\/2025\/12\/112901.jpg","type":"image\/jpeg"}],"twitter_card":"summary_large_image","twitter_misc":{"Dur\u00e9e de lecture estim\u00e9e":"1 minute"},"schema":{"@context":"https:\/\/schema.org","@graph":[{"@type":"WebPage","@id":"https:\/\/dev.terredechimie.com\/?page_id=170","url":"https:\/\/dev.terredechimie.com\/?page_id=170","name":"D\u00e9vernir les instruments de musique - terredechimie","isPartOf":{"@id":"https:\/\/terredechimie.com\/#website"},"primaryImageOfPage":{"@id":"https:\/\/dev.terredechimie.com\/?page_id=170#primaryimage"},"image":{"@id":"https:\/\/dev.terredechimie.com\/?page_id=170#primaryimage"},"thumbnailUrl":"https:\/\/dev.terredechimie.com\/wp-content\/uploads\/2025\/12\/112901-1024x683.jpg","datePublished":"2025-12-27T20:27:13+00:00","dateModified":"2025-12-28T13:22:44+00:00","description":"D\u00e9couvrez nos solutions chimiques pour d\u00e9vernir les instruments de musique, permettant un retrait efficace et ma\u00eetris\u00e9 des vernis sans endommager les surfaces.","breadcrumb":{"@id":"https:\/\/dev.terredechimie.com\/?page_id=170#breadcrumb"},"inLanguage":"fr-FR","potentialAction":[{"@type":"ReadAction","target":["https:\/\/dev.terredechimie.com\/?page_id=170"]}]},{"@type":"ImageObject","inLanguage":"fr-FR","@id":"https:\/\/dev.terredechimie.com\/?page_id=170#primaryimage","url":"https:\/\/dev.terredechimie.com\/wp-content\/uploads\/2025\/12\/112901-1024x683.jpg","contentUrl":"https:\/\/dev.terredechimie.com\/wp-content\/uploads\/2025\/12\/112901-1024x683.jpg"},{"@type":"BreadcrumbList","@id":"https:\/\/dev.terredechimie.com\/?page_id=170#breadcrumb","itemListElement":[{"@type":"ListItem","position":1,"name":"Accueil","item":"https:\/\/www.terredechimie.com\/"},{"@type":"ListItem","position":2,"name":"D\u00e9vernir les instruments de musique"}]},{"@type":"WebSite","@id":"https:\/\/terredechimie.com\/#website","url":"https:\/\/terredechimie.com\/","name":"terredechimie","description":"","publisher":{"@id":"https:\/\/terredechimie.com\/#organization"},"potentialAction":[{"@type":"SearchAction","target":{"@type":"EntryPoint","urlTemplate":"https:\/\/terredechimie.com\/?s={search_term_string}"},"query-input":{"@type":"PropertyValueSpecification","valueRequired":true,"valueName":"search_term_string"}}],"inLanguage":"fr-FR"},{"@type":"Organization","@id":"https:\/\/terredechimie.com\/#organization","name":"terredechimie","url":"https:\/\/terredechimie.com\/","logo":{"@type":"ImageObject","inLanguage":"fr-FR","@id":"https:\/\/terredechimie.com\/#\/schema\/logo\/image\/","url":"https:\/\/www.terredechimie.com\/wp-content\/uploads\/2025\/12\/cropped-1C360A0B-F00E-4736-8FC4-F7B6AA983F27.png","contentUrl":"https:\/\/www.terredechimie.com\/wp-content\/uploads\/2025\/12\/cropped-1C360A0B-F00E-4736-8FC4-F7B6AA983F27.png","width":773,"height":775,"caption":"terredechimie"},"image":{"@id":"https:\/\/terredechimie.com\/#\/schema\/logo\/image\/"}}]}},"jetpack_sharing_enabled":true,"_links":{"self":[{"href":"https:\/\/www.terredechimie.com\/index.php?rest_route=\/wp\/v2\/pages\/170","targetHints":{"allow":["GET"]}}],"collection":[{"href":"https:\/\/www.terredechimie.com\/index.php?rest_route=\/wp\/v2\/pages"}],"about":[{"href":"https:\/\/www.terredechimie.com\/index.php?rest_route=\/wp\/v2\/types\/page"}],"author":[{"embeddable":true,"href":"https:\/\/www.terredechimie.com\/index.php?rest_route=\/wp\/v2\/users\/1"}],"replies":[{"embeddable":true,"href":"https:\/\/www.terredechimie.com\/index.php?rest_route=%2Fwp%2Fv2%2Fcomments&post=170"}],"version-history":[{"count":6,"href":"https:\/\/www.terredechimie.com\/index.php?rest_route=\/wp\/v2\/pages\/170\/revisions"}],"predecessor-version":[{"id":321,"href":"https:\/\/www.terredechimie.com\/index.php?rest_route=\/wp\/v2\/pages\/170\/revisions\/321"}],"wp:attachment":[{"href":"https:\/\/www.terredechimie.com\/index.php?rest_route=%2Fwp%2Fv2%2Fmedia&parent=170"}],"curies":[{"name":"wp","href":"https:\/\/api.w.org\/{rel}","templated":true}]}}