{"id":17,"date":"2025-12-27T11:46:10","date_gmt":"2025-12-27T10:46:10","guid":{"rendered":"https:\/\/dev.terredechimie.com\/?page_id=17"},"modified":"2026-03-11T20:55:41","modified_gmt":"2026-03-11T19:55:41","slug":"decapage","status":"publish","type":"page","link":"https:\/\/www.terredechimie.com\/?page_id=17","title":{"rendered":"D\u00e9capage"},"content":{"rendered":"\n<p>D\u00e9capants innovants et classiques<\/p>\n\n\n\n<div class=\"wp-block-columns is-layout-flex wp-container-core-columns-is-layout-28f84493 wp-block-columns-is-layout-flex\">\n<div class=\"wp-block-column is-layout-flow wp-block-column-is-layout-flow\">\n<figure class=\"wp-block-image size-large is-resized\"><img fetchpriority=\"high\" decoding=\"async\" width=\"1024\" height=\"682\" src=\"https:\/\/www.terredechimie.com\/wp-content\/uploads\/2025\/12\/glass-6635671_1280-1024x682.jpg\" alt=\"\" class=\"wp-image-235\" style=\"aspect-ratio:1.5015178772205982;width:398px;height:auto\" srcset=\"https:\/\/www.terredechimie.com\/wp-content\/uploads\/2025\/12\/glass-6635671_1280-1024x682.jpg 1024w, https:\/\/www.terredechimie.com\/wp-content\/uploads\/2025\/12\/glass-6635671_1280-300x200.jpg 300w, https:\/\/www.terredechimie.com\/wp-content\/uploads\/2025\/12\/glass-6635671_1280.jpg 1280w\" sizes=\"(max-width: 1024px) 100vw, 1024px\" \/><\/figure>\n\n\n\n<p class=\"has-black-color has-text-color has-medium-font-size\"><a href=\"https:\/\/terredechimie.com\/?page_id=222\" target=\"_blank\" rel=\"noreferrer noopener\">D\u00e9capants en Base Hydro<\/a><\/p>\n\n\n\n<p class=\"has-text-color\" style=\"color:#7a7a7a\"> D\u00e9capants de Peintures en base aqueuse<\/p>\n<\/div>\n\n\n\n<div class=\"wp-block-column is-layout-flow wp-block-column-is-layout-flow\">\n<figure class=\"wp-block-image size-large is-resized\"><img decoding=\"async\" width=\"1024\" height=\"681\" src=\"https:\/\/www.terredechimie.com\/wp-content\/uploads\/2025\/12\/brush-96240_1280-1024x681.jpg\" alt=\"\" class=\"wp-image-211\" style=\"aspect-ratio:1.5036781264074464;width:403px;height:auto\" srcset=\"https:\/\/www.terredechimie.com\/wp-content\/uploads\/2025\/12\/brush-96240_1280-1024x681.jpg 1024w, https:\/\/www.terredechimie.com\/wp-content\/uploads\/2025\/12\/brush-96240_1280-300x199.jpg 300w, https:\/\/www.terredechimie.com\/wp-content\/uploads\/2025\/12\/brush-96240_1280.jpg 1280w\" sizes=\"(max-width: 1024px) 100vw, 1024px\" \/><\/figure>\n\n\n\n<p class=\"has-black-color has-text-color has-medium-font-size\"><a href=\"https:\/\/terredechimie.com\/?page_id=223\" target=\"_blank\" rel=\"noreferrer noopener\">D\u00e9capants en Base Solvant<\/a><\/p>\n\n\n\n<p class=\"has-text-color\" style=\"color:#7a7a7a\">Produits efficaces sur tous type de peinture<\/p>\n<\/div>\n\n\n\n<div class=\"wp-block-column is-layout-flow wp-block-column-is-layout-flow\">\n<div class=\"wp-block-group has-global-padding is-layout-constrained wp-block-group-is-layout-constrained\">\n<figure class=\"wp-block-image size-large is-resized\"><img decoding=\"async\" width=\"1024\" height=\"682\" src=\"https:\/\/www.terredechimie.com\/wp-content\/uploads\/2025\/12\/aluminum-foil-6961638_1280-1024x682.jpg\" alt=\"\" class=\"wp-image-214\" style=\"aspect-ratio:1.5015178772205982;width:402px;height:auto\" srcset=\"https:\/\/www.terredechimie.com\/wp-content\/uploads\/2025\/12\/aluminum-foil-6961638_1280-1024x682.jpg 1024w, https:\/\/www.terredechimie.com\/wp-content\/uploads\/2025\/12\/aluminum-foil-6961638_1280-300x200.jpg 300w, https:\/\/www.terredechimie.com\/wp-content\/uploads\/2025\/12\/aluminum-foil-6961638_1280.jpg 1280w\" sizes=\"(max-width: 1024px) 100vw, 1024px\" \/><\/figure>\n\n\n\n<p class=\"has-black-color has-text-color has-medium-font-size\"><a href=\"https:\/\/terredechimie.com\/?page_id=241\" target=\"_blank\" rel=\"noreferrer noopener\">D\u00e9capant Aluminium<\/a><\/p>\n\n\n\n<p class=\"has-text-color\" style=\"color:#7a7a7a\">D\u00e9capants aluminium \u00e0 froid<\/p>\n<\/div>\n<\/div>\n<\/div>\n\n\n\n<div class=\"wp-block-columns is-layout-flex wp-container-core-columns-is-layout-28f84493 wp-block-columns-is-layout-flex\">\n<div class=\"wp-block-column is-layout-flow wp-block-column-is-layout-flow\">\n<figure class=\"wp-block-image size-full is-resized\"><img loading=\"lazy\" decoding=\"async\" width=\"800\" height=\"800\" src=\"https:\/\/www.terredechimie.com\/wp-content\/uploads\/2025\/12\/rbs-na-2-agent-neutralisant-acide-a-base-d-acide-phosphorique.jpg\" alt=\"\" class=\"wp-image-219\" style=\"aspect-ratio:1.5515538484561282;width:347px;height:auto\" srcset=\"https:\/\/www.terredechimie.com\/wp-content\/uploads\/2025\/12\/rbs-na-2-agent-neutralisant-acide-a-base-d-acide-phosphorique.jpg 800w, https:\/\/www.terredechimie.com\/wp-content\/uploads\/2025\/12\/rbs-na-2-agent-neutralisant-acide-a-base-d-acide-phosphorique-300x300.jpg 300w, https:\/\/www.terredechimie.com\/wp-content\/uploads\/2025\/12\/rbs-na-2-agent-neutralisant-acide-a-base-d-acide-phosphorique-150x150.jpg 150w\" sizes=\"(max-width: 800px) 100vw, 800px\" \/><\/figure>\n\n\n\n<p class=\"has-black-color has-text-color has-medium-font-size\"><a href=\"https:\/\/terredechimie.com\/?page_id=242\">Neutralisant<\/a><\/p>\n\n\n\n<p class=\"has-text-color\" style=\"color:#7a7a7a\">Neutralisant liquide pr\u00eat \u00e0 la dilution m\u00e9lange d&rsquo;acides<\/p>\n<\/div>\n\n\n\n<div class=\"wp-block-column is-layout-flow wp-block-column-is-layout-flow\">\n<figure class=\"wp-block-image size-full is-resized\"><img loading=\"lazy\" decoding=\"async\" width=\"1000\" height=\"1000\" src=\"https:\/\/www.terredechimie.com\/wp-content\/uploads\/2025\/12\/PR90EXPImage_f4417c93-afe3-4662-a41c-f70b5e5e3b03_1200x1200.webp\" alt=\"\" class=\"wp-image-304\" style=\"aspect-ratio:1.5036781264074464;width:407px;height:auto\" srcset=\"https:\/\/www.terredechimie.com\/wp-content\/uploads\/2025\/12\/PR90EXPImage_f4417c93-afe3-4662-a41c-f70b5e5e3b03_1200x1200.webp 1000w, https:\/\/www.terredechimie.com\/wp-content\/uploads\/2025\/12\/PR90EXPImage_f4417c93-afe3-4662-a41c-f70b5e5e3b03_1200x1200-300x300.webp 300w, https:\/\/www.terredechimie.com\/wp-content\/uploads\/2025\/12\/PR90EXPImage_f4417c93-afe3-4662-a41c-f70b5e5e3b03_1200x1200-150x150.webp 150w\" sizes=\"(max-width: 1000px) 100vw, 1000px\" \/><\/figure>\n\n\n\n<p class=\"has-black-color has-text-color has-medium-font-size\"><a href=\"https:\/\/terredechimie.com\/?page_id=306\" target=\"_blank\" rel=\"noreferrer noopener\">D\u00e9capant alcalin \u00e0 chaud KST<\/a><\/p>\n\n\n\n<p class=\"has-text-color\" style=\"color:#7a7a7a\">Bain alcalin \u00e0 chaud entre 90 et 100\u00b0C<\/p>\n<\/div>\n\n\n\n<div class=\"wp-block-column is-layout-flow wp-block-column-is-layout-flow\">\n<figure class=\"wp-block-image size-full is-resized\"><img loading=\"lazy\" decoding=\"async\" width=\"2000\" height=\"2000\" src=\"https:\/\/www.terredechimie.com\/wp-content\/uploads\/2025\/12\/SEAL_.webp\" alt=\"\" class=\"wp-image-216\" style=\"aspect-ratio:1.5036781264074464;width:407px;height:auto\" srcset=\"https:\/\/www.terredechimie.com\/wp-content\/uploads\/2025\/12\/SEAL_.webp 2000w, https:\/\/www.terredechimie.com\/wp-content\/uploads\/2025\/12\/SEAL_-300x300.webp 300w, https:\/\/www.terredechimie.com\/wp-content\/uploads\/2025\/12\/SEAL_-1024x1024.webp 1024w, https:\/\/www.terredechimie.com\/wp-content\/uploads\/2025\/12\/SEAL_-150x150.webp 150w\" sizes=\"(max-width: 2000px) 100vw, 2000px\" \/><\/figure>\n\n\n\n<p class=\"has-black-color has-text-color has-medium-font-size\"><a href=\"https:\/\/terredechimie.com\/?page_id=244\">Anti &#8211; \u00c9vaporant<\/a><\/p>\n\n\n\n<p class=\"has-text-color\" style=\"color:#7a7a7a\">Huiles anti \u00e9vaporation sp\u00e9cialement adapt\u00e9es \u00e0 chaque bain<\/p>\n<\/div>\n<\/div>\n\n\n\n<p><\/p>\n","protected":false},"excerpt":{"rendered":"<p>D\u00e9capants innovants et classiques D\u00e9capants en Base Hydro D\u00e9capants de Peintures en base aqueuse D\u00e9capants en Base Solvant Produits efficaces sur tous type de peinture D\u00e9capant Aluminium D\u00e9capants aluminium \u00e0 froid Neutralisant Neutralisant liquide pr\u00eat \u00e0 la dilution m\u00e9lange d&rsquo;acides D\u00e9capant alcalin \u00e0 chaud KST Bain alcalin \u00e0 chaud entre 90 et 100\u00b0C Anti &#8211; &hellip; <\/p>\n<p class=\"link-more\"><a href=\"https:\/\/www.terredechimie.com\/?page_id=17\" class=\"more-link\">Lire la suite de<span class=\"screen-reader-text\">\u00ab\u00a0D\u00e9capage\u00a0\u00bb<\/span><\/a><\/p>\n","protected":false},"author":1,"featured_media":0,"parent":0,"menu_order":0,"comment_status":"closed","ping_status":"closed","template":"","meta":{"footnotes":""},"class_list":["post-17","page","type-page","status-publish","hentry"],"yoast_head":"<!-- This site is optimized with the Yoast SEO plugin v26.6 - https:\/\/yoast.com\/wordpress\/plugins\/seo\/ -->\n<title>D\u00e9capage - terredechimie<\/title>\n<meta name=\"description\" content=\"Solutions chimiques performantes et responsables pour l\u2019industrie : d\u00e9capage, traitement et neutralisation par Terre de Chimie.\" \/>\n<meta name=\"robots\" content=\"index, follow, max-snippet:-1, max-image-preview:large, max-video-preview:-1\" \/>\n<link rel=\"canonical\" href=\"https:\/\/www.terredechimie.com\/?page_id=17\" \/>\n<meta property=\"og:locale\" content=\"fr_FR\" \/>\n<meta property=\"og:type\" content=\"article\" \/>\n<meta property=\"og:title\" content=\"D\u00e9capage - terredechimie\" \/>\n<meta property=\"og:description\" content=\"Solutions chimiques performantes et responsables pour l\u2019industrie : d\u00e9capage, traitement et neutralisation par Terre de Chimie.\" \/>\n<meta property=\"og:url\" content=\"https:\/\/www.terredechimie.com\/?page_id=17\" \/>\n<meta property=\"og:site_name\" content=\"terredechimie\" \/>\n<meta property=\"article:modified_time\" content=\"2026-03-11T19:55:41+00:00\" \/>\n<meta property=\"og:image\" content=\"https:\/\/www.terredechimie.com\/wp-content\/uploads\/2025\/12\/glass-6635671_1280.jpg\" \/>\n\t<meta property=\"og:image:width\" content=\"1280\" \/>\n\t<meta property=\"og:image:height\" content=\"853\" \/>\n\t<meta property=\"og:image:type\" content=\"image\/jpeg\" \/>\n<meta name=\"twitter:card\" content=\"summary_large_image\" \/>\n<meta name=\"twitter:label1\" content=\"Dur\u00e9e de lecture estim\u00e9e\" \/>\n\t<meta name=\"twitter:data1\" content=\"2 minutes\" \/>\n<script type=\"application\/ld+json\" class=\"yoast-schema-graph\">{\"@context\":\"https:\/\/schema.org\",\"@graph\":[{\"@type\":\"WebPage\",\"@id\":\"https:\/\/www.terredechimie.com\/?page_id=17\",\"url\":\"https:\/\/www.terredechimie.com\/?page_id=17\",\"name\":\"D\u00e9capage - terredechimie\",\"isPartOf\":{\"@id\":\"https:\/\/terredechimie.com\/#website\"},\"primaryImageOfPage\":{\"@id\":\"https:\/\/www.terredechimie.com\/?page_id=17#primaryimage\"},\"image\":{\"@id\":\"https:\/\/www.terredechimie.com\/?page_id=17#primaryimage\"},\"thumbnailUrl\":\"https:\/\/www.terredechimie.com\/wp-content\/uploads\/2025\/12\/glass-6635671_1280-1024x682.jpg\",\"datePublished\":\"2025-12-27T10:46:10+00:00\",\"dateModified\":\"2026-03-11T19:55:41+00:00\",\"description\":\"Solutions chimiques performantes et responsables pour l\u2019industrie : d\u00e9capage, traitement et neutralisation par Terre de Chimie.\",\"breadcrumb\":{\"@id\":\"https:\/\/www.terredechimie.com\/?page_id=17#breadcrumb\"},\"inLanguage\":\"fr-FR\",\"potentialAction\":[{\"@type\":\"ReadAction\",\"target\":[\"https:\/\/www.terredechimie.com\/?page_id=17\"]}]},{\"@type\":\"ImageObject\",\"inLanguage\":\"fr-FR\",\"@id\":\"https:\/\/www.terredechimie.com\/?page_id=17#primaryimage\",\"url\":\"https:\/\/www.terredechimie.com\/wp-content\/uploads\/2025\/12\/glass-6635671_1280.jpg\",\"contentUrl\":\"https:\/\/www.terredechimie.com\/wp-content\/uploads\/2025\/12\/glass-6635671_1280.jpg\",\"width\":1280,\"height\":853},{\"@type\":\"BreadcrumbList\",\"@id\":\"https:\/\/www.terredechimie.com\/?page_id=17#breadcrumb\",\"itemListElement\":[{\"@type\":\"ListItem\",\"position\":1,\"name\":\"Accueil\",\"item\":\"https:\/\/www.terredechimie.com\/\"},{\"@type\":\"ListItem\",\"position\":2,\"name\":\"D\u00e9capage\"}]},{\"@type\":\"WebSite\",\"@id\":\"https:\/\/terredechimie.com\/#website\",\"url\":\"https:\/\/terredechimie.com\/\",\"name\":\"terredechimie\",\"description\":\"\",\"publisher\":{\"@id\":\"https:\/\/terredechimie.com\/#organization\"},\"potentialAction\":[{\"@type\":\"SearchAction\",\"target\":{\"@type\":\"EntryPoint\",\"urlTemplate\":\"https:\/\/terredechimie.com\/?s={search_term_string}\"},\"query-input\":{\"@type\":\"PropertyValueSpecification\",\"valueRequired\":true,\"valueName\":\"search_term_string\"}}],\"inLanguage\":\"fr-FR\"},{\"@type\":\"Organization\",\"@id\":\"https:\/\/terredechimie.com\/#organization\",\"name\":\"terredechimie\",\"url\":\"https:\/\/terredechimie.com\/\",\"logo\":{\"@type\":\"ImageObject\",\"inLanguage\":\"fr-FR\",\"@id\":\"https:\/\/terredechimie.com\/#\/schema\/logo\/image\/\",\"url\":\"https:\/\/www.terredechimie.com\/wp-content\/uploads\/2025\/12\/cropped-1C360A0B-F00E-4736-8FC4-F7B6AA983F27.png\",\"contentUrl\":\"https:\/\/www.terredechimie.com\/wp-content\/uploads\/2025\/12\/cropped-1C360A0B-F00E-4736-8FC4-F7B6AA983F27.png\",\"width\":773,\"height\":775,\"caption\":\"terredechimie\"},\"image\":{\"@id\":\"https:\/\/terredechimie.com\/#\/schema\/logo\/image\/\"}}]}<\/script>\n<!-- \/ Yoast SEO plugin. -->","yoast_head_json":{"title":"D\u00e9capage - terredechimie","description":"Solutions chimiques performantes et responsables pour l\u2019industrie : d\u00e9capage, traitement et neutralisation par Terre de Chimie.","robots":{"index":"index","follow":"follow","max-snippet":"max-snippet:-1","max-image-preview":"max-image-preview:large","max-video-preview":"max-video-preview:-1"},"canonical":"https:\/\/www.terredechimie.com\/?page_id=17","og_locale":"fr_FR","og_type":"article","og_title":"D\u00e9capage - terredechimie","og_description":"Solutions chimiques performantes et responsables pour l\u2019industrie : d\u00e9capage, traitement et neutralisation par Terre de Chimie.","og_url":"https:\/\/www.terredechimie.com\/?page_id=17","og_site_name":"terredechimie","article_modified_time":"2026-03-11T19:55:41+00:00","og_image":[{"width":1280,"height":853,"url":"https:\/\/www.terredechimie.com\/wp-content\/uploads\/2025\/12\/glass-6635671_1280.jpg","type":"image\/jpeg"}],"twitter_card":"summary_large_image","twitter_misc":{"Dur\u00e9e de lecture estim\u00e9e":"2 minutes"},"schema":{"@context":"https:\/\/schema.org","@graph":[{"@type":"WebPage","@id":"https:\/\/www.terredechimie.com\/?page_id=17","url":"https:\/\/www.terredechimie.com\/?page_id=17","name":"D\u00e9capage - terredechimie","isPartOf":{"@id":"https:\/\/terredechimie.com\/#website"},"primaryImageOfPage":{"@id":"https:\/\/www.terredechimie.com\/?page_id=17#primaryimage"},"image":{"@id":"https:\/\/www.terredechimie.com\/?page_id=17#primaryimage"},"thumbnailUrl":"https:\/\/www.terredechimie.com\/wp-content\/uploads\/2025\/12\/glass-6635671_1280-1024x682.jpg","datePublished":"2025-12-27T10:46:10+00:00","dateModified":"2026-03-11T19:55:41+00:00","description":"Solutions chimiques performantes et responsables pour l\u2019industrie : d\u00e9capage, traitement et neutralisation par Terre de Chimie.","breadcrumb":{"@id":"https:\/\/www.terredechimie.com\/?page_id=17#breadcrumb"},"inLanguage":"fr-FR","potentialAction":[{"@type":"ReadAction","target":["https:\/\/www.terredechimie.com\/?page_id=17"]}]},{"@type":"ImageObject","inLanguage":"fr-FR","@id":"https:\/\/www.terredechimie.com\/?page_id=17#primaryimage","url":"https:\/\/www.terredechimie.com\/wp-content\/uploads\/2025\/12\/glass-6635671_1280.jpg","contentUrl":"https:\/\/www.terredechimie.com\/wp-content\/uploads\/2025\/12\/glass-6635671_1280.jpg","width":1280,"height":853},{"@type":"BreadcrumbList","@id":"https:\/\/www.terredechimie.com\/?page_id=17#breadcrumb","itemListElement":[{"@type":"ListItem","position":1,"name":"Accueil","item":"https:\/\/www.terredechimie.com\/"},{"@type":"ListItem","position":2,"name":"D\u00e9capage"}]},{"@type":"WebSite","@id":"https:\/\/terredechimie.com\/#website","url":"https:\/\/terredechimie.com\/","name":"terredechimie","description":"","publisher":{"@id":"https:\/\/terredechimie.com\/#organization"},"potentialAction":[{"@type":"SearchAction","target":{"@type":"EntryPoint","urlTemplate":"https:\/\/terredechimie.com\/?s={search_term_string}"},"query-input":{"@type":"PropertyValueSpecification","valueRequired":true,"valueName":"search_term_string"}}],"inLanguage":"fr-FR"},{"@type":"Organization","@id":"https:\/\/terredechimie.com\/#organization","name":"terredechimie","url":"https:\/\/terredechimie.com\/","logo":{"@type":"ImageObject","inLanguage":"fr-FR","@id":"https:\/\/terredechimie.com\/#\/schema\/logo\/image\/","url":"https:\/\/www.terredechimie.com\/wp-content\/uploads\/2025\/12\/cropped-1C360A0B-F00E-4736-8FC4-F7B6AA983F27.png","contentUrl":"https:\/\/www.terredechimie.com\/wp-content\/uploads\/2025\/12\/cropped-1C360A0B-F00E-4736-8FC4-F7B6AA983F27.png","width":773,"height":775,"caption":"terredechimie"},"image":{"@id":"https:\/\/terredechimie.com\/#\/schema\/logo\/image\/"}}]}},"jetpack_sharing_enabled":true,"_links":{"self":[{"href":"https:\/\/www.terredechimie.com\/index.php?rest_route=\/wp\/v2\/pages\/17","targetHints":{"allow":["GET"]}}],"collection":[{"href":"https:\/\/www.terredechimie.com\/index.php?rest_route=\/wp\/v2\/pages"}],"about":[{"href":"https:\/\/www.terredechimie.com\/index.php?rest_route=\/wp\/v2\/types\/page"}],"author":[{"embeddable":true,"href":"https:\/\/www.terredechimie.com\/index.php?rest_route=\/wp\/v2\/users\/1"}],"replies":[{"embeddable":true,"href":"https:\/\/www.terredechimie.com\/index.php?rest_route=%2Fwp%2Fv2%2Fcomments&post=17"}],"version-history":[{"count":23,"href":"https:\/\/www.terredechimie.com\/index.php?rest_route=\/wp\/v2\/pages\/17\/revisions"}],"predecessor-version":[{"id":607,"href":"https:\/\/www.terredechimie.com\/index.php?rest_route=\/wp\/v2\/pages\/17\/revisions\/607"}],"wp:attachment":[{"href":"https:\/\/www.terredechimie.com\/index.php?rest_route=%2Fwp%2Fv2%2Fmedia&parent=17"}],"curies":[{"name":"wp","href":"https:\/\/api.w.org\/{rel}","templated":true}]}}